{"id":265079,"date":"2021-03-08T19:33:05","date_gmt":"2021-03-08T19:33:05","guid":{"rendered":"https:\/\/www.editorialcasals.com\/producto\/qui-te-la-cua-cargolada\/"},"modified":"2025-10-06T18:01:17","modified_gmt":"2025-10-06T18:01:17","slug":"qui-te-la-cua-cargolada","status":"publish","type":"product","link":"https:\/\/www.editorialcasals.com\/ca\/producte\/qui-te-la-cua-cargolada\/","title":{"rendered":"Qui t\u00e9 la cua cargolada?"},"content":{"rendered":"<p>Amb la intenci\u00f3 d\u2019acompanyar els nens i nenes de 3 a 6 anys en les seves primeres lectures, els contes d\u2019aquesta col\u00b7lecci\u00f3 els faran descobrir a poc a poc els mecanismes de la lectura per tal que, gr\u00e0cies a la seva intu\u00efci\u00f3 i coneixements previs, puguin seguir el fil de cada hist\u00f2ria.<br \/>\nEls nens i nenes s\u00f3n molt curiosos i tot fent preguntes potser esbrinaran<br \/>\nqui hi ha al darrere d\u2019aquest personatge tan misteri\u00f3s&#8230;<br \/>\nEls vols ajudar?<\/p>\n","protected":false},"excerpt":{"rendered":"<p>Amb la intenci\u00f3 d\u2019acompanyar els nens i nenes de 3 a 6 anys en les seves primeres lectures, els contes d\u2019aquesta col\u00b7lecci\u00f3 els faran descobrir a poc a poc els mecanismes de la lectura per tal que, gr\u00e0cies a la seva intu\u00efci\u00f3 i coneixements previs, puguin seguir el fil de cada hist\u00f2ria. Els nens i<a class=\"excerpt-read-more\" href=\"https:\/\/www.editorialcasals.com\/ca\/producte\/qui-te-la-cua-cargolada\/\" title=\"LlegeixQui t\u00e9 la cua cargolada?\"> &#8230; Llegeix m\u00e9s<\/a><\/p>\n","protected":false},"featured_media":1122756,"template":"","meta":{"_acf_changed":false},"product_language":[5368],"product_age":[5362],"product_collection":[5858],"product_brand":[],"product_cat":[2539,3587,4491,2537,3507,4697],"product_tag":[],"class_list":["post-265079","product","type-product","status-publish","has-post-thumbnail","product_language-catala","product_age-3-6","product_collection-cavall","product_cat-2-3-anys","product_cat-ana-gomez-ca","product_cat-cavall-ca-2","product_cat-llibres-infantils","product_cat-combel-ca","product_cat-susana-peix-ca","first","instock","taxable","shipping-taxable","purchasable","product-type-simple"],"acf":[],"yoast_head":"<!-- This site is optimized with the Yoast SEO plugin v28.3 - https:\/\/yoast.com\/product\/yoast-seo-wordpress\/ -->\n<title>Qui t\u00e9 la cua cargolada? - Editorial Casals<\/title>\n<meta name=\"robots\" content=\"index, follow, max-snippet:-1, max-image-preview:large, max-video-preview:-1\" \/>\n<link rel=\"canonical\" href=\"https:\/\/www.editorialcasals.com\/ca\/producte\/qui-te-la-cua-cargolada\/\" \/>\n<meta property=\"og:locale\" content=\"ca_ES\" \/>\n<meta property=\"og:type\" content=\"article\" \/>\n<meta property=\"og:title\" content=\"Qui t\u00e9 la cua cargolada? - Editorial Casals\" \/>\n<meta property=\"og:description\" content=\"Amb la intenci\u00f3 d\u2019acompanyar els nens i nenes de 3 a 6 anys en les seves primeres lectures, els contes d\u2019aquesta col\u00b7lecci\u00f3 els faran descobrir a poc a poc els mecanismes de la lectura per tal que, gr\u00e0cies a la seva intu\u00efci\u00f3 i coneixements previs, puguin seguir el fil de cada hist\u00f2ria. Els nens i ... Llegeix m\u00e9s\" \/>\n<meta property=\"og:url\" content=\"https:\/\/www.editorialcasals.com\/ca\/producte\/qui-te-la-cua-cargolada\/\" \/>\n<meta property=\"og:site_name\" content=\"Editorial Casals\" \/>\n<meta property=\"article:modified_time\" content=\"2025-10-06T18:01:17+00:00\" \/>\n<meta property=\"og:image\" content=\"https:\/\/www.editorialcasals.com\/wp-content\/uploads\/2023\/06\/9788491014140_04_h.jpg\" \/>\n\t<meta property=\"og:image:width\" content=\"665\" \/>\n\t<meta property=\"og:image:height\" content=\"675\" \/>\n\t<meta property=\"og:image:type\" content=\"image\/jpeg\" \/>\n<meta name=\"twitter:card\" content=\"summary_large_image\" \/>\n<script type=\"application\/ld+json\" class=\"yoast-schema-graph\">{\"@context\":\"https:\\\/\\\/schema.org\",\"@graph\":[{\"@type\":\"WebPage\",\"@id\":\"https:\\\/\\\/www.editorialcasals.com\\\/ca\\\/producte\\\/qui-te-la-cua-cargolada\\\/\",\"url\":\"https:\\\/\\\/www.editorialcasals.com\\\/ca\\\/producte\\\/qui-te-la-cua-cargolada\\\/\",\"name\":\"Qui t\u00e9 la cua cargolada? - Editorial Casals\",\"isPartOf\":{\"@id\":\"https:\\\/\\\/www.editorialcasals.com\\\/ca\\\/#website\"},\"primaryImageOfPage\":{\"@id\":\"https:\\\/\\\/www.editorialcasals.com\\\/ca\\\/producte\\\/qui-te-la-cua-cargolada\\\/#primaryimage\"},\"image\":{\"@id\":\"https:\\\/\\\/www.editorialcasals.com\\\/ca\\\/producte\\\/qui-te-la-cua-cargolada\\\/#primaryimage\"},\"thumbnailUrl\":\"https:\\\/\\\/www.editorialcasals.com\\\/wp-content\\\/uploads\\\/2026\\\/02\\\/9788491014140_04_h-1.jpg\",\"datePublished\":\"2021-03-08T19:33:05+00:00\",\"dateModified\":\"2025-10-06T18:01:17+00:00\",\"breadcrumb\":{\"@id\":\"https:\\\/\\\/www.editorialcasals.com\\\/ca\\\/producte\\\/qui-te-la-cua-cargolada\\\/#breadcrumb\"},\"inLanguage\":\"ca\",\"potentialAction\":[{\"@type\":\"ReadAction\",\"target\":[\"https:\\\/\\\/www.editorialcasals.com\\\/ca\\\/producte\\\/qui-te-la-cua-cargolada\\\/\"]}]},{\"@type\":\"ImageObject\",\"inLanguage\":\"ca\",\"@id\":\"https:\\\/\\\/www.editorialcasals.com\\\/ca\\\/producte\\\/qui-te-la-cua-cargolada\\\/#primaryimage\",\"url\":\"https:\\\/\\\/www.editorialcasals.com\\\/wp-content\\\/uploads\\\/2026\\\/02\\\/9788491014140_04_h-1.jpg\",\"contentUrl\":\"https:\\\/\\\/www.editorialcasals.com\\\/wp-content\\\/uploads\\\/2026\\\/02\\\/9788491014140_04_h-1.jpg\",\"width\":665,\"height\":675},{\"@type\":\"BreadcrumbList\",\"@id\":\"https:\\\/\\\/www.editorialcasals.com\\\/ca\\\/producte\\\/qui-te-la-cua-cargolada\\\/#breadcrumb\",\"itemListElement\":[{\"@type\":\"ListItem\",\"position\":1,\"name\":\"Home\",\"item\":\"https:\\\/\\\/www.editorialcasals.com\\\/ca\\\/\"},{\"@type\":\"ListItem\",\"position\":2,\"name\":\"Shop\",\"item\":\"https:\\\/\\\/www.editorialcasals.com\\\/ca\\\/shop-2\\\/\"},{\"@type\":\"ListItem\",\"position\":3,\"name\":\"Qui t\u00e9 la cua cargolada?\"}]},{\"@type\":\"WebSite\",\"@id\":\"https:\\\/\\\/www.editorialcasals.com\\\/ca\\\/#website\",\"url\":\"https:\\\/\\\/www.editorialcasals.com\\\/ca\\\/\",\"name\":\"Editorial Casals\",\"description\":\"\",\"potentialAction\":[{\"@type\":\"SearchAction\",\"target\":{\"@type\":\"EntryPoint\",\"urlTemplate\":\"https:\\\/\\\/www.editorialcasals.com\\\/ca\\\/?s={search_term_string}\"},\"query-input\":{\"@type\":\"PropertyValueSpecification\",\"valueRequired\":true,\"valueName\":\"search_term_string\"}}],\"inLanguage\":\"ca\"}]}<\/script>\n<!-- \/ Yoast SEO plugin. -->","yoast_head_json":{"title":"Qui t\u00e9 la cua cargolada? - Editorial Casals","robots":{"index":"index","follow":"follow","max-snippet":"max-snippet:-1","max-image-preview":"max-image-preview:large","max-video-preview":"max-video-preview:-1"},"canonical":"https:\/\/www.editorialcasals.com\/ca\/producte\/qui-te-la-cua-cargolada\/","og_locale":"ca_ES","og_type":"article","og_title":"Qui t\u00e9 la cua cargolada? - Editorial Casals","og_description":"Amb la intenci\u00f3 d\u2019acompanyar els nens i nenes de 3 a 6 anys en les seves primeres lectures, els contes d\u2019aquesta col\u00b7lecci\u00f3 els faran descobrir a poc a poc els mecanismes de la lectura per tal que, gr\u00e0cies a la seva intu\u00efci\u00f3 i coneixements previs, puguin seguir el fil de cada hist\u00f2ria. Els nens i ... Llegeix m\u00e9s","og_url":"https:\/\/www.editorialcasals.com\/ca\/producte\/qui-te-la-cua-cargolada\/","og_site_name":"Editorial Casals","article_modified_time":"2025-10-06T18:01:17+00:00","og_image":[{"width":665,"height":675,"url":"https:\/\/www.editorialcasals.com\/wp-content\/uploads\/2023\/06\/9788491014140_04_h.jpg","type":"image\/jpeg"}],"twitter_card":"summary_large_image","schema":{"@context":"https:\/\/schema.org","@graph":[{"@type":"WebPage","@id":"https:\/\/www.editorialcasals.com\/ca\/producte\/qui-te-la-cua-cargolada\/","url":"https:\/\/www.editorialcasals.com\/ca\/producte\/qui-te-la-cua-cargolada\/","name":"Qui t\u00e9 la cua cargolada? - Editorial Casals","isPartOf":{"@id":"https:\/\/www.editorialcasals.com\/ca\/#website"},"primaryImageOfPage":{"@id":"https:\/\/www.editorialcasals.com\/ca\/producte\/qui-te-la-cua-cargolada\/#primaryimage"},"image":{"@id":"https:\/\/www.editorialcasals.com\/ca\/producte\/qui-te-la-cua-cargolada\/#primaryimage"},"thumbnailUrl":"https:\/\/www.editorialcasals.com\/wp-content\/uploads\/2026\/02\/9788491014140_04_h-1.jpg","datePublished":"2021-03-08T19:33:05+00:00","dateModified":"2025-10-06T18:01:17+00:00","breadcrumb":{"@id":"https:\/\/www.editorialcasals.com\/ca\/producte\/qui-te-la-cua-cargolada\/#breadcrumb"},"inLanguage":"ca","potentialAction":[{"@type":"ReadAction","target":["https:\/\/www.editorialcasals.com\/ca\/producte\/qui-te-la-cua-cargolada\/"]}]},{"@type":"ImageObject","inLanguage":"ca","@id":"https:\/\/www.editorialcasals.com\/ca\/producte\/qui-te-la-cua-cargolada\/#primaryimage","url":"https:\/\/www.editorialcasals.com\/wp-content\/uploads\/2026\/02\/9788491014140_04_h-1.jpg","contentUrl":"https:\/\/www.editorialcasals.com\/wp-content\/uploads\/2026\/02\/9788491014140_04_h-1.jpg","width":665,"height":675},{"@type":"BreadcrumbList","@id":"https:\/\/www.editorialcasals.com\/ca\/producte\/qui-te-la-cua-cargolada\/#breadcrumb","itemListElement":[{"@type":"ListItem","position":1,"name":"Home","item":"https:\/\/www.editorialcasals.com\/ca\/"},{"@type":"ListItem","position":2,"name":"Shop","item":"https:\/\/www.editorialcasals.com\/ca\/shop-2\/"},{"@type":"ListItem","position":3,"name":"Qui t\u00e9 la cua cargolada?"}]},{"@type":"WebSite","@id":"https:\/\/www.editorialcasals.com\/ca\/#website","url":"https:\/\/www.editorialcasals.com\/ca\/","name":"Editorial Casals","description":"","potentialAction":[{"@type":"SearchAction","target":{"@type":"EntryPoint","urlTemplate":"https:\/\/www.editorialcasals.com\/ca\/?s={search_term_string}"},"query-input":{"@type":"PropertyValueSpecification","valueRequired":true,"valueName":"search_term_string"}}],"inLanguage":"ca"}]}},"_links":{"self":[{"href":"https:\/\/www.editorialcasals.com\/ca\/wp-json\/wp\/v2\/product\/265079","targetHints":{"allow":["GET"]}}],"collection":[{"href":"https:\/\/www.editorialcasals.com\/ca\/wp-json\/wp\/v2\/product"}],"about":[{"href":"https:\/\/www.editorialcasals.com\/ca\/wp-json\/wp\/v2\/types\/product"}],"wp:featuredmedia":[{"embeddable":true,"href":"https:\/\/www.editorialcasals.com\/ca\/wp-json\/wp\/v2\/media\/1122756"}],"wp:attachment":[{"href":"https:\/\/www.editorialcasals.com\/ca\/wp-json\/wp\/v2\/media?parent=265079"}],"wp:term":[{"taxonomy":"product_language","embeddable":true,"href":"https:\/\/www.editorialcasals.com\/ca\/wp-json\/wp\/v2\/product_language?post=265079"},{"taxonomy":"product_age","embeddable":true,"href":"https:\/\/www.editorialcasals.com\/ca\/wp-json\/wp\/v2\/product_age?post=265079"},{"taxonomy":"product_collection","embeddable":true,"href":"https:\/\/www.editorialcasals.com\/ca\/wp-json\/wp\/v2\/product_collection?post=265079"},{"taxonomy":"product_brand","embeddable":true,"href":"https:\/\/www.editorialcasals.com\/ca\/wp-json\/wp\/v2\/product_brand?post=265079"},{"taxonomy":"product_cat","embeddable":true,"href":"https:\/\/www.editorialcasals.com\/ca\/wp-json\/wp\/v2\/product_cat?post=265079"},{"taxonomy":"product_tag","embeddable":true,"href":"https:\/\/www.editorialcasals.com\/ca\/wp-json\/wp\/v2\/product_tag?post=265079"}],"curies":[{"name":"wp","href":"https:\/\/api.w.org\/{rel}","templated":true}]}}

Qui té la cua cargolada?

<p>Amb la intenció d’acompanyar els nens i nenes de 3 a 6 anys en les seves primeres lectures, els contes d’aquesta col·lecció els faran descobrir a poc a poc els mecanismes de la lectura per tal que, gràcies a la seva intuïció i coneixements previs, puguin seguir el fil de cada història.<br />
Els nens i nenes són molt curiosos i tot fent preguntes potser esbrinaran<br />
qui hi ha al darrere d’aquest personatge tan misteriós&#8230;<br />
Els vols ajudar?</p>

<p>Amb la intenció d’acompanyar els nens i nenes de 3 a 6 anys en les seves primeres lectures, els contes d’aquesta col·lecció els faran descobrir a poc a poc els mecanismes de la lectura per tal que, gràcies a la seva intuïció i coneixements previs, puguin seguir el fil de cada història. Els nens i<a class="excerpt-read-more" href="https://www.editorialcasals.com/ca/producte/qui-te-la-cua-cargolada/" title="LlegeixQui té la cua cargolada?"> &#8230; Llegeix més</a></p>

<!-- This site is optimized with the Yoast SEO plugin v28.3 - https://yoast.com/product/yoast-seo-wordpress/ -->
<title>Qui té la cua cargolada? - Editorial Casals</title>
<meta name="robots" content="index, follow, max-snippet:-1, max-image-preview:large, max-video-preview:-1" />
<link rel="canonical" href="https://www.editorialcasals.com/ca/producte/qui-te-la-cua-cargolada/" />
<meta property="og:locale" content="ca_ES" />
<meta property="og:type" content="article" />
<meta property="og:title" content="Qui té la cua cargolada? - Editorial Casals" />
<meta property="og:description" content="Amb la intenció d’acompanyar els nens i nenes de 3 a 6 anys en les seves primeres lectures, els contes d’aquesta col·lecció els faran descobrir a poc a poc els mecanismes de la lectura per tal que, gràcies a la seva intuïció i coneixements previs, puguin seguir el fil de cada història. Els nens i ... Llegeix més" />
<meta property="og:url" content="https://www.editorialcasals.com/ca/producte/qui-te-la-cua-cargolada/" />
<meta property="og:site_name" content="Editorial Casals" />
<meta property="article:modified_time" content="2025-10-06T18:01:17+00:00" />
<meta property="og:image" content="https://www.editorialcasals.com/wp-content/uploads/2023/06/9788491014140_04_h.jpg" />
	<meta property="og:image:width" content="665" />
	<meta property="og:image:height" content="675" />
	<meta property="og:image:type" content="image/jpeg" />
<meta name="twitter:card" content="summary_large_image" />
<script type="application/ld+json" class="yoast-schema-graph">{"@context":"https:\/\/schema.org","@graph":[{"@type":"WebPage","@id":"https:\/\/www.editorialcasals.com\/ca\/producte\/qui-te-la-cua-cargolada\/","url":"https:\/\/www.editorialcasals.com\/ca\/producte\/qui-te-la-cua-cargolada\/","name":"Qui té la cua cargolada? - Editorial Casals","isPartOf":{"@id":"https:\/\/www.editorialcasals.com\/ca\/#website"},"primaryImageOfPage":{"@id":"https:\/\/www.editorialcasals.com\/ca\/producte\/qui-te-la-cua-cargolada\/#primaryimage"},"image":{"@id":"https:\/\/www.editorialcasals.com\/ca\/producte\/qui-te-la-cua-cargolada\/#primaryimage"},"thumbnailUrl":"https:\/\/www.editorialcasals.com\/wp-content\/uploads\/2026\/02\/9788491014140_04_h-1.jpg","datePublished":"2021-03-08T19:33:05+00:00","dateModified":"2025-10-06T18:01:17+00:00","breadcrumb":{"@id":"https:\/\/www.editorialcasals.com\/ca\/producte\/qui-te-la-cua-cargolada\/#breadcrumb"},"inLanguage":"ca","potentialAction":[{"@type":"ReadAction","target":["https:\/\/www.editorialcasals.com\/ca\/producte\/qui-te-la-cua-cargolada\/"]}]},{"@type":"ImageObject","inLanguage":"ca","@id":"https:\/\/www.editorialcasals.com\/ca\/producte\/qui-te-la-cua-cargolada\/#primaryimage","url":"https:\/\/www.editorialcasals.com\/wp-content\/uploads\/2026\/02\/9788491014140_04_h-1.jpg","contentUrl":"https:\/\/www.editorialcasals.com\/wp-content\/uploads\/2026\/02\/9788491014140_04_h-1.jpg","width":665,"height":675},{"@type":"BreadcrumbList","@id":"https:\/\/www.editorialcasals.com\/ca\/producte\/qui-te-la-cua-cargolada\/#breadcrumb","itemListElement":[{"@type":"ListItem","position":1,"name":"Home","item":"https:\/\/www.editorialcasals.com\/ca\/"},{"@type":"ListItem","position":2,"name":"Shop","item":"https:\/\/www.editorialcasals.com\/ca\/shop-2\/"},{"@type":"ListItem","position":3,"name":"Qui té la cua cargolada?"}]},{"@type":"WebSite","@id":"https:\/\/www.editorialcasals.com\/ca\/#website","url":"https:\/\/www.editorialcasals.com\/ca\/","name":"Editorial Casals","description":"","potentialAction":[{"@type":"SearchAction","target":{"@type":"EntryPoint","urlTemplate":"https:\/\/www.editorialcasals.com\/ca\/?s={search_term_string}"},"query-input":{"@type":"PropertyValueSpecification","valueRequired":true,"valueName":"search_term_string"}}],"inLanguage":"ca"}]}</script>
<!-- / Yoast SEO plugin. -->

Qui té la cua cargolada? - Editorial Casals

Amb la intenció d’acompanyar els nens i nenes de 3 a 6 anys en les seves primeres lectures, els contes d’aquesta col·lecció els faran descobrir a poc a poc els mecanismes de la lectura per tal que, gràcies a la seva intuïció i coneixements previs, puguin seguir el fil de cada història. Els nens i ... Llegeix més
